 Let f(l) = -13*l + 5. Let m be f(-6). Let x = m - q. Calculate the remainder when 8 is divided by x.
0
Let y = -4 + 25. Let m = 89 + -70. Calculate the remainder when 3115/y - 4/(-6)*1 is divided by m.
16
Let s(d) = -146*d + 7144. Calculate the remainder when s(41) is divided by 14.
10
Suppose 118*x = 80*x + 78*x - 4200. What is the remainder when 597 is divided by x?
72
Let a be (-8408)/(-32) - (-2)/8. Let x = a + -176. Suppose -d + m + 13 = 0, 5*m - 25 = 2*d - 6*d. What is the remainder when x is divided by d?
7
Suppose 3*d + w - 175 = 285, d = -4*w + 168. Calculate the remainder when 3495 is divided by d.
151
Let c = 13143 + -13127. Suppose -112 = -4*p - 0*p. What is the remainder when p is divided by c?
12
Let h = -16 - -28. Suppose 0 = -3*b + 8*s - 11*s - 6, -b = -s. Calculate the remainder when b/((-2)/56) - 15/3 is divided by h.
11
Suppose -2*s + 0*z - 5*z + 155 = 0, -s + z + 74 = 0. Let u be (2 - 1)/((-224)/s - -3). Calculate the remainder when 105/u - 3/(-5) is divided by 2.
0
Let p(m) = 2*m**2 - 25*m + 140. Let t(y) = -2*y**2 - 13*y - 11. Let x be t(-3). What is the remainder when 173 is divided by p(x)?
83
Suppose 2*c - 2*a + 142 = 30, -2*c = -a + 109. Let j = 57 + c. Calculate the remainder when j*1*(-8)/12*-15 is divided by 11.
7
What is the remainder when 1992 is divided by -4 - -28 - (28 - 42)?
16
Suppose 7*m = -0*m + 1267. Let u = -56 + m. Let n = 515 - 494. Calculate the remainder when u is divided by n.
20
Suppose -2*b - 2*q + 3529 = q, -3*b - 2*q + 5291 = 0. Suppose -b - 3544 = -29*u. What is the remainder when u is divided by 29?
9
Suppose 3*v = -3*l + 100 + 35, 3*l - 12 = 0. Suppose 2*c - 82 = 3*n, -2*c + 3*n = -c - v. Let y = 174 - -30. Calculate the remainder when y is divided by c.
40
Suppose -2*i = 3*j - 698 - 281, -5 = j. Suppose 3*t = -4*n - 135 + i, 5*n + 89 = t. Suppose t*u - 34 = 112*u. What is the remainder when 46 is divided by u?
12
Suppose -2*g + 60 = -45*y + 43*y, 0 = -3*y - g - 98. Calculate the remainder when 50 is divided by y/(-144) - (122/(-18) + 1).
2
Let t(a) = -2*a + 4. Let s be t(5). Let j(o) = -o**2 - 3370*o + 20274. What is the remainder when j(6) is divided by s/(-2)*8/6?
2
Let t = 3678 + -3616. What is the remainder when 127 is divided by t?
3
Suppose -4*b + 2660 - 585 = t, 3 = t. What is the remainder when b is divided by 58?
54
Let x(j) = -17*j**2 - 4*j + 29. Let b(o) = 9*o**2 + 2*o - 14. Let c(l) = 13*b(l) + 6*x(l). What is the remainder when c(3) is divided by 28?
21
Calculate the remainder when 20/3 - 240/(-72) - -2777 is divided by 31.
28
Suppose -7*o + 118226 = -298227 + 59390. Calculate the remainder when o is divided by 234.
231
Suppose 16 = f + 116*m - 114*m, -75 = -3*f + 3*m. Let w(l) = -l**3 - l**2 - l + 4. Calculate the remainder when f is divided by w(0).
2
Suppose -4*z + u + 280 = 5*u, 0 = -3*z + 3*u + 180. Let j = -16718 + 16748. What is the remainder when z is divided by j?
5
Suppose 40591*i - 621 = 40568*i. What is the remainder when i is divided by (-4 - 1)*1/(-1)?
2
Let g(u) = -110*u + 22. Let l be g(-5). Suppose 3*c = 5*y + l, -10 + 1030 = 5*c + 5*y. Calculate the remainder when c is divided by 42.
31
Suppose 0 = -z - 3*s - 54 + 94, 2*s = 2*z - 120. Calculate the remainder when z is divided by 22.
11
Suppose -6*v + 11731 - 2065 = 0. Suppose 315 - v = -6*f. What is the remainder when f is divided by 7/(364/1620) + (-14)/91?
30
Let f(d) = d**2 - d - 3. Let z be f(-2). Calculate the remainder when (-7)/(15/(-6) + 2) is divided by z + -2 - (0 - 7).
6
Let d(u) be the first derivative of 5*u**2 + 8*u - 4. Suppose 3*s = -12, -6*o - 5*s + 3*s = 2. What is the remainder when 86 is divided by d(o)?
14
Suppose i = 5*v + 303, 0*v + 1515 = 5*i + 3*v. What is the remainder when i is divided by 14?
9
Suppose -27*s + 10*s = 153. Let c(k) = 2*k**2 + 9*k - 11. Calculate the remainder when c(s) is divided by 36.
34
Suppose -12*i = -9*i + 21. Let q(y) = -y**3 + 3*y**2 + 15*y - 14. Calculate the remainder when q(i) is divided by 31.
30
Let y(h) = -9*h + 66. Let j be y(7). Suppose -j*t = -3*w + t + 25, -2*t = 2*w + 2. Suppose 70 = 2*a + w*a. What is the remainder when 83 is divided by a?
13
Let d be 1 - -4 - 1*2. Let o(g) = 1 - 15 + 3 + d - 8*g. What is the remainder when o(-6) is divided by 6?
4
Let b = -13942 - -15508. Calculate the remainder when b is divided by 174.
0
Suppose 4*j - o = 897 + 10071, 0 = 3*j + 3*o - 8241. What is the remainder when j is divided by 98?
97
Suppose 3180 = 114*z - 108*z. Suppose 0 = 36*p - 26*p - z. What is the remainder when 125 is divided by p?
19
Let r(p) = -p**2 + 21*p + 20. What is the remainder when 620 is divided by r(19)?
40
Let l(f) = 2*f**3 - 21*f**2 + 18*f - 56. Suppose -7*p = 10*p - 187. Calculate the remainder when l(10) is divided by p.
2
Suppose -9*c + 44534 = -56538 - 53548. Calculate the remainder when c is divided by 9.
8
Let b(w) = -83*w + 1320. Calculate the remainder when b(4) is divided by 30.
28
Let i(s) be the first derivative of -125*s**2 - 18*s + 9. What is the remainder when i(-1) is divided by 47?
44
Suppose -324 = -36*b - 0. Calculate the remainder when (-26)/(-2) + (-2 - -4) is divided by b.
6
Let r(n) = -2*n**2 - 402*n - 278. What is the remainder when r(-200) is divided by -10*2/(4/(-5))?
22
Let h = 202 - 198. Suppose -23 = -3*m + 2*n + 56, 3*n = -h*m + 128. What is the remainder when 52 is divided by m?
23
Let h be (280/(-130))/(-14) + 360/26. Suppose -5*r - 3*l - 109 = 0, -3*r + 2*l - 57 = l. Calculate the remainder when 97 is divided by (r/h)/((-1)/35).
47
Let l = 762 + -771. What is the remainder when 1449 is divided by (l/5)/(201/(-1340))?
9
Suppose l - 33 = -3*s, l - 4*l + 34 = -4*s. Suppose 3*h - q = -29, 55 = -8*h + 3*h + 3*q. What is the remainder when (11 + h + 0)*134/6 is divided by l?
13
Let p(y) = -5*y**2 - 163*y - 44. Let n be p(-32). Let k be (9/6)/((-6)/(-152)). Let f = n - k. What is the remainder when 22 is divided by f?
8
Suppose 19957*s - 19996*s + 429 = 0. What is the remainder when 2399 is divided by s?
1
Let c = 694 - 431. Let s = -181 + c. Calculate the remainder when 819 is divided by s.
81
Let l be 6560/16 - (2 + -2). Suppose -23*a = -13*a - l. Calculate the remainder when 325 is divided by a.
38
Suppose 5*t = 107 + 23. Let a be 0/(2/2 + 11 + -14). Let k(x) = -x**3 + x**2 - x + 9. Calculate the remainder when t is divided by k(a).
8
Let w(q) = -q**3 + 7*q**2 + 13*q + 5. Let f be w(8). Suppose 20*m - f*m + 11550 = 0. Calculate the remainder when m is divided by 5.
2
Let q = 25 - -35. Suppose 0 = -126*d + 86 + 4324. What is the remainder when q is divided by d?
25
Let j(l) = -l**2 + 1. Let w(x) = -x**3 - 8*x**2 - 3*x - 17. Let k(s) = j(s) + w(s). What is the remainder when k(-9) is divided by 2?
1
Let k = -27977 - -30928. Calculate the remainder when k is divided by 584.
31
Let r be 0/2 - (-2 + 3). Suppose -287*t = -3142*t + 1210 + 1645. What is the remainder when (-1 - 0)*(r + 0) is divided by t?
0
Suppose -9*o - 1118 - 782 = -28*o. Calculate the remainder when o is divided by 58.
42
Calculate the remainder when (3/((-81)/42))/((-276)/621)*382 is divided by 17.
11
Let b(t) = -t**3 + 52*t**2 - 44*t - 129. Calculate the remainder when b(51) is divided by 22.
8
Let a(d) = d**3 - 14*d**2 - 18*d + 45. Let u be a(15). Suppose 4*x - 4*c - 212 = 0, u = -7*c + 2*c - 20. What is the remainder when 195 is divided by x?
48
Suppose 0 = -4*w - 2*l + 10798, 13*w + 5*l - 20256 = 14830. What is the remainder when w is divided by 100?
97
Let s(n) = 42*n - 3. Suppose -5*g - 4*x - 7 = 0, 5*x + 12 = g - 4. Calculate the remainder when s(g) is divided by 15.
9
Let a(w) = -13*w**2 - 4*w - 1. Let h be a(-4). Let d = 200 + h. Calculate the remainder when 12 is divided by d.
5
Let l(m) = -44*m**3 + m. Suppose 0*p = 5*p + 105. Let c = 192 + p. Calculate the remainder when c is divided by l(-1).
42
Let z be 3/(9/(-78)*1). Let g = z + 26. Suppose g*b + 4*b = 116. Calculate the remainder when 85 is divided by b.
27
Suppose -25*l + 4674 = 16*l. Calculate the remainder when 426 is divided by l.
84
Let i(v) = 439*v - 691. Calculate the remainder when i(2) is divided by 9.
7
Let c(l) = l**3 - 1. Let m(b) = -44*b**3 - 10*b + 13. Let p(w) = -4*c(w) - m(w). Calculate the remainder when 1186 is divided by p(1).
38
Suppose 1562 = 4*f - 4*c + 